{"id":38,"date":"2023-02-23T10:49:47","date_gmt":"2023-02-23T09:49:47","guid":{"rendered":"http:\/\/antoinedete.art\/?page_id=38"},"modified":"2026-01-27T10:07:57","modified_gmt":"2026-01-27T09:07:57","slug":"theatre","status":"publish","type":"page","link":"https:\/\/antoinedete.art\/index.php\/theatre\/","title":{"rendered":"THEATRE"},"content":{"rendered":"\n<figure class=\"wp-block-gallery has-nested-images columns-default is-cropped wp-block-gallery-1 is-layout-flex wp-block-gallery-is-layout-flex\">\n<figure class=\"wp-block-image size-large\"><img loading=\"lazy\" decoding=\"async\" width=\"724\" height=\"1024\" data-id=\"447\" src=\"https:\/\/antoinedete.art\/wp-content\/uploads\/2026\/01\/Le-Malade-Imaginaire_Christophe-Daci-2-copie-724x1024.jpg\" alt=\"\" class=\"wp-image-447\" srcset=\"https:\/\/antoinedete.art\/wp-content\/uploads\/2026\/01\/Le-Malade-Imaginaire_Christophe-Daci-2-copie-724x1024.jpg 724w, https:\/\/antoinedete.art\/wp-content\/uploads\/2026\/01\/Le-Malade-Imaginaire_Christophe-Daci-2-copie-212x300.jpg 212w, https:\/\/antoinedete.art\/wp-content\/uploads\/2026\/01\/Le-Malade-Imaginaire_Christophe-Daci-2-copie-768x1086.jpg 768w, https:\/\/antoinedete.art\/wp-content\/uploads\/2026\/01\/Le-Malade-Imaginaire_Christophe-Daci-2-copie-1086x1536.jpg 1086w, https:\/\/antoinedete.art\/wp-content\/uploads\/2026\/01\/Le-Malade-Imaginaire_Christophe-Daci-2-copie-300x424.jpg 300w, https:\/\/antoinedete.art\/wp-content\/uploads\/2026\/01\/Le-Malade-Imaginaire_Christophe-Daci-2-copie-850x1202.jpg 850w, https:\/\/antoinedete.art\/wp-content\/uploads\/2026\/01\/Le-Malade-Imaginaire_Christophe-Daci-2-copie.jpg 1190w\" sizes=\"auto, (max-width: 724px) 100vw, 724px\" \/><\/figure>\n\n\n\n<figure class=\"wp-block-image size-large\"><img loading=\"lazy\" decoding=\"async\" width=\"685\" height=\"1024\" data-id=\"175\" src=\"http:\/\/antoinedete.art\/wp-content\/uploads\/2023\/03\/AFFICHE-Je-ne-suis-pas-narcissique_2mm_imp-1-pdf-1-685x1024.jpg\" alt=\"\" class=\"wp-image-175\" srcset=\"https:\/\/antoinedete.art\/wp-content\/uploads\/2023\/03\/AFFICHE-Je-ne-suis-pas-narcissique_2mm_imp-1-pdf-1-685x1024.jpg 685w, https:\/\/antoinedete.art\/wp-content\/uploads\/2023\/03\/AFFICHE-Je-ne-suis-pas-narcissique_2mm_imp-1-pdf-1-201x300.jpg 201w, https:\/\/antoinedete.art\/wp-content\/uploads\/2023\/03\/AFFICHE-Je-ne-suis-pas-narcissique_2mm_imp-1-pdf-1-768x1148.jpg 768w, https:\/\/antoinedete.art\/wp-content\/uploads\/2023\/03\/AFFICHE-Je-ne-suis-pas-narcissique_2mm_imp-1-pdf-1-1027x1536.jpg 1027w, https:\/\/antoinedete.art\/wp-content\/uploads\/2023\/03\/AFFICHE-Je-ne-suis-pas-narcissique_2mm_imp-1-pdf-1-1370x2048.jpg 1370w, https:\/\/antoinedete.art\/wp-content\/uploads\/2023\/03\/AFFICHE-Je-ne-suis-pas-narcissique_2mm_imp-1-pdf-1-300x449.jpg 300w, https:\/\/antoinedete.art\/wp-content\/uploads\/2023\/03\/AFFICHE-Je-ne-suis-pas-narcissique_2mm_imp-1-pdf-1-850x1271.jpg 850w, https:\/\/antoinedete.art\/wp-content\/uploads\/2023\/03\/AFFICHE-Je-ne-suis-pas-narcissique_2mm_imp-1-pdf-1-scaled.jpg 1712w\" sizes=\"auto, (max-width: 685px) 100vw, 685px\" \/><\/figure>\n\n\n\n<figure class=\"wp-block-image size-large\"><img loading=\"lazy\" decoding=\"async\" width=\"724\" height=\"1024\" data-id=\"28\" src=\"http:\/\/antoinedete.art\/wp-content\/uploads\/2023\/02\/AFFICHE-1_GrandPeur-724x1024.jpg\" alt=\"\" class=\"wp-image-28\" srcset=\"https:\/\/antoinedete.art\/wp-content\/uploads\/2023\/02\/AFFICHE-1_GrandPeur-724x1024.jpg 724w, https:\/\/antoinedete.art\/wp-content\/uploads\/2023\/02\/AFFICHE-1_GrandPeur-212x300.jpg 212w, https:\/\/antoinedete.art\/wp-content\/uploads\/2023\/02\/AFFICHE-1_GrandPeur-768x1086.jpg 768w, https:\/\/antoinedete.art\/wp-content\/uploads\/2023\/02\/AFFICHE-1_GrandPeur-1086x1536.jpg 1086w, https:\/\/antoinedete.art\/wp-content\/uploads\/2023\/02\/AFFICHE-1_GrandPeur-300x424.jpg 300w, https:\/\/antoinedete.art\/wp-content\/uploads\/2023\/02\/AFFICHE-1_GrandPeur-850x1202.jpg 850w, https:\/\/antoinedete.art\/wp-content\/uploads\/2023\/02\/AFFICHE-1_GrandPeur.jpg 1169w\" sizes=\"auto, (max-width: 724px) 100vw, 724px\" \/><\/figure>\n\n\n\n<figure class=\"wp-block-image size-large\"><img loading=\"lazy\" decoding=\"async\" width=\"724\" height=\"1024\" data-id=\"223\" src=\"http:\/\/antoinedete.art\/wp-content\/uploads\/2023\/04\/Affiche-bleu-2_page-0001-724x1024.jpg\" alt=\"\" class=\"wp-image-223\" srcset=\"https:\/\/antoinedete.art\/wp-content\/uploads\/2023\/04\/Affiche-bleu-2_page-0001-724x1024.jpg 724w, https:\/\/antoinedete.art\/wp-content\/uploads\/2023\/04\/Affiche-bleu-2_page-0001-212x300.jpg 212w, https:\/\/antoinedete.art\/wp-content\/uploads\/2023\/04\/Affiche-bleu-2_page-0001-768x1086.jpg 768w, https:\/\/antoinedete.art\/wp-content\/uploads\/2023\/04\/Affiche-bleu-2_page-0001-1086x1536.jpg 1086w, https:\/\/antoinedete.art\/wp-content\/uploads\/2023\/04\/Affiche-bleu-2_page-0001-1448x2048.jpg 1448w, https:\/\/antoinedete.art\/wp-content\/uploads\/2023\/04\/Affiche-bleu-2_page-0001-300x424.jpg 300w, https:\/\/antoinedete.art\/wp-content\/uploads\/2023\/04\/Affiche-bleu-2_page-0001-850x1202.jpg 850w, https:\/\/antoinedete.art\/wp-content\/uploads\/2023\/04\/Affiche-bleu-2_page-0001.jpg 1754w\" sizes=\"auto, (max-width: 724px) 100vw, 724px\" \/><\/figure>\n\n\n\n<figure class=\"wp-block-image size-large\"><img loading=\"lazy\" decoding=\"async\" width=\"1024\" height=\"1024\" data-id=\"450\" src=\"https:\/\/antoinedete.art\/wp-content\/uploads\/2026\/01\/Reveillon_Def8-1024x1024.jpg\" alt=\"\" class=\"wp-image-450\" srcset=\"https:\/\/antoinedete.art\/wp-content\/uploads\/2026\/01\/Reveillon_Def8-1024x1024.jpg 1024w, https:\/\/antoinedete.art\/wp-content\/uploads\/2026\/01\/Reveillon_Def8-300x300.jpg 300w, https:\/\/antoinedete.art\/wp-content\/uploads\/2026\/01\/Reveillon_Def8-150x150.jpg 150w, https:\/\/antoinedete.art\/wp-content\/uploads\/2026\/01\/Reveillon_Def8-768x768.jpg 768w, https:\/\/antoinedete.art\/wp-content\/uploads\/2026\/01\/Reveillon_Def8-1536x1536.jpg 1536w, https:\/\/antoinedete.art\/wp-content\/uploads\/2026\/01\/Reveillon_Def8-2048x2048.jpg 2048w, https:\/\/antoinedete.art\/wp-content\/uploads\/2026\/01\/Reveillon_Def8-850x850.jpg 850w\" sizes=\"auto, (max-width: 1024px) 100vw, 1024px\" \/><\/figure>\n\n\n\n<figure class=\"wp-block-image size-large\"><img loading=\"lazy\" decoding=\"async\" width=\"500\" height=\"620\" data-id=\"452\" src=\"https:\/\/antoinedete.art\/wp-content\/uploads\/2026\/01\/image.png\" alt=\"\" class=\"wp-image-452\" srcset=\"https:\/\/antoinedete.art\/wp-content\/uploads\/2026\/01\/image.png 500w, https:\/\/antoinedete.art\/wp-content\/uploads\/2026\/01\/image-242x300.png 242w, https:\/\/antoinedete.art\/wp-content\/uploads\/2026\/01\/image-300x372.png 300w\" sizes=\"auto, (max-width: 500px) 100vw, 500px\" \/><\/figure>\n<\/figure>\n\n\n\n<hr class=\"wp-block-separator has-alpha-channel-opacity\"\/>\n\n\n\n<div class=\"wp-block-media-text alignwide is-stacked-on-mobile is-vertically-aligned-top\" style=\"grid-template-columns:29% auto\"><figure class=\"wp-block-media-text__media\"><img loading=\"lazy\" decoding=\"async\" width=\"724\" height=\"1024\" src=\"http:\/\/antoinedete.art\/wp-content\/uploads\/2023\/04\/Affiche-orange_page-0001-724x1024.jpg\" alt=\"\" class=\"wp-image-224 size-full\" srcset=\"https:\/\/antoinedete.art\/wp-content\/uploads\/2023\/04\/Affiche-orange_page-0001-724x1024.jpg 724w, https:\/\/antoinedete.art\/wp-content\/uploads\/2023\/04\/Affiche-orange_page-0001-212x300.jpg 212w, https:\/\/antoinedete.art\/wp-content\/uploads\/2023\/04\/Affiche-orange_page-0001-768x1086.jpg 768w, https:\/\/antoinedete.art\/wp-content\/uploads\/2023\/04\/Affiche-orange_page-0001-1086x1536.jpg 1086w, https:\/\/antoinedete.art\/wp-content\/uploads\/2023\/04\/Affiche-orange_page-0001-1448x2048.jpg 1448w, https:\/\/antoinedete.art\/wp-content\/uploads\/2023\/04\/Affiche-orange_page-0001-300x424.jpg 300w, https:\/\/antoinedete.art\/wp-content\/uploads\/2023\/04\/Affiche-orange_page-0001-850x1202.jpg 850w, https:\/\/antoinedete.art\/wp-content\/uploads\/2023\/04\/Affiche-orange_page-0001.jpg 1754w\" sizes=\"auto, (max-width: 724px) 100vw, 724px\" \/><\/figure><div class=\"wp-block-media-text__content\">\n<p style=\"font-size:14px\">&#8220;Tous mes r\u00eaves partent de Gare d&#8217;Austerlitz&#8221;<br><strong>Texte<\/strong> Mohamed Kacimi<br><strong>Mise en sc\u00e8ne<\/strong> Christophe Daci<\/p>\n\n\n\n<p style=\"font-size:14px\">Repr\u00e9sentations \u00e0 venir &#8211; <strong>Th\u00e9\u00e2tre de Vanves<\/strong> &#8211; Paris &#8211; Juin 2023<\/p>\n\n\n\n<p class=\"has-small-font-size\"><em>&#8220;Dans une maison d\u2019arr\u00eat, des femmes sacrifient souvent leur promenade quotidienne pour quelques heures \u00e0 la biblioth\u00e8que. Autour de la biblioth\u00e9caire, Barbara, se retrouvent, tous les jours, Rosa, Marylou, Z\u00e9lie et Lily. Elles \u00e9voquent, dans la passion ou la querelle, leur quotidien, leur travail, leurs amours, leurs r\u00eaves ou leurs enfances. Un soir de No\u00ebl, elles ont quartier libre. Elles pr\u00e9parent la f\u00eate et les cadeaux qu\u2019elles doivent envoyer \u00e0 leurs enfants. Avant minuit, d\u00e9barque une&nbsp;\u00ab&nbsp;primo arrivante&nbsp;\u00bb Frida, arr\u00eat\u00e9e pour l\u2019enl\u00e8vement de sa fille. Elle a \u00e9t\u00e9 d\u00e9nonc\u00e9e&#8230;&#8221;<\/em><\/p>\n\n\n\n<p style=\"font-size:14px\"><\/p>\n<\/div><\/div>\n\n\n\n<hr class=\"wp-block-separator has-alpha-channel-opacity\"\/>\n\n\n\n<div class=\"wp-block-media-text alignwide is-stacked-on-mobile is-vertically-aligned-top\" style=\"grid-template-columns:21% auto\"><figure class=\"wp-block-media-text__media\"><img loading=\"lazy\" decoding=\"async\" width=\"685\" height=\"1024\" src=\"http:\/\/antoinedete.art\/wp-content\/uploads\/2023\/03\/AFFICHE-Je-ne-suis-pas-narcissique_2mm_imp-1-pdf-685x1024.jpg\" alt=\"\" class=\"wp-image-174 size-full\" srcset=\"https:\/\/antoinedete.art\/wp-content\/uploads\/2023\/03\/AFFICHE-Je-ne-suis-pas-narcissique_2mm_imp-1-pdf-685x1024.jpg 685w, https:\/\/antoinedete.art\/wp-content\/uploads\/2023\/03\/AFFICHE-Je-ne-suis-pas-narcissique_2mm_imp-1-pdf-201x300.jpg 201w, https:\/\/antoinedete.art\/wp-content\/uploads\/2023\/03\/AFFICHE-Je-ne-suis-pas-narcissique_2mm_imp-1-pdf-768x1148.jpg 768w, https:\/\/antoinedete.art\/wp-content\/uploads\/2023\/03\/AFFICHE-Je-ne-suis-pas-narcissique_2mm_imp-1-pdf-1027x1536.jpg 1027w, https:\/\/antoinedete.art\/wp-content\/uploads\/2023\/03\/AFFICHE-Je-ne-suis-pas-narcissique_2mm_imp-1-pdf-1370x2048.jpg 1370w, https:\/\/antoinedete.art\/wp-content\/uploads\/2023\/03\/AFFICHE-Je-ne-suis-pas-narcissique_2mm_imp-1-pdf-300x449.jpg 300w, https:\/\/antoinedete.art\/wp-content\/uploads\/2023\/03\/AFFICHE-Je-ne-suis-pas-narcissique_2mm_imp-1-pdf-850x1271.jpg 850w, https:\/\/antoinedete.art\/wp-content\/uploads\/2023\/03\/AFFICHE-Je-ne-suis-pas-narcissique_2mm_imp-1-pdf-scaled.jpg 1712w\" sizes=\"auto, (max-width: 685px) 100vw, 685px\" \/><\/figure><div class=\"wp-block-media-text__content\">\n<p style=\"font-size:14px\"><strong>&#8220;JE NE SUIS PAS NARCISSIQUE&#8221;<\/strong><br><strong>Dramaturgie<\/strong> Alain Klingler &amp; Sophie Rockwell<br><strong>Avec<\/strong> Chlo\u00e9 Mons<br><strong>Lumi\u00e8res<\/strong> Iannis Japiot<\/p>\n\n\n\n<p class=\"has-small-font-size\"><strong>Teaser de la pi\u00e8ce <a rel=\"noreferrer noopener\" href=\"https:\/\/vimeo.com\/161366126\" target=\"_blank\">ICI<\/a><\/strong> et plus d&#8217;infos <a href=\"https:\/\/www.lucernaire.fr\/theatre\/je-ne-suis-pas-narcissique\/\" target=\"_blank\" rel=\"noreferrer noopener\">L\u00c0<\/a><br> Mai \u00e0 Juin 2023<\/p>\n\n\n\n<p class=\"has-small-font-size\">&#8220;<em>D\u00e9pendante \u00e0 l\u2019extr\u00eame du regard des autres, le personnage de Chlo\u00e9 Mons \u00ab&nbsp;nous tend sa perche \u00e0 selfie&nbsp;\u00bb. Il interroge ainsi notre place de spectateur. Notre regard dont le spectacle a besoin pour exister, de m\u00eame que la star qui n\u2019est rien sans ses groupies. Sans les photos et les \u00e9loges de ses fans, qui ne font pas que confirmer son existence, mais qui la recr\u00e9ent en permanence. Dans&nbsp;Je ne suis pas narcissique, le drame vient de cette mutation incessante. De cette inconstance qui \u00e9clate les codes du th\u00e9\u00e2tre comme ceux de la chanson..&#8221;<\/em><\/p>\n\n\n\n<p class=\"has-small-font-size\">                                                                                                                      Ana\u00efs Heluin<\/p>\n\n\n\n<p style=\"font-size:14px\">Le texte de la pi\u00e8ce est \u00e9dit\u00e9e aux <a href=\"https:\/\/www.editionlescygnes.fr\/catalogues\/fiches-th%C3%A9%C3%A2tre\/je-ne-suis-pas\/\" target=\"_blank\" rel=\"noreferrer noopener\">\u00e9ditions les cygnes<\/a>.<\/p>\n<\/div><\/div>\n\n\n\n<div class=\"wp-block-media-text alignwide is-stacked-on-mobile is-vertically-aligned-top\" style=\"grid-template-columns:21% auto\"><figure class=\"wp-block-media-text__media\"><img loading=\"lazy\" decoding=\"async\" width=\"724\" height=\"1024\" src=\"http:\/\/antoinedete.art\/wp-content\/uploads\/2023\/02\/AFFICHE-1_GrandPeur-724x1024.jpg\" alt=\"\" class=\"wp-image-28 size-full\" srcset=\"https:\/\/antoinedete.art\/wp-content\/uploads\/2023\/02\/AFFICHE-1_GrandPeur-724x1024.jpg 724w, https:\/\/antoinedete.art\/wp-content\/uploads\/2023\/02\/AFFICHE-1_GrandPeur-212x300.jpg 212w, https:\/\/antoinedete.art\/wp-content\/uploads\/2023\/02\/AFFICHE-1_GrandPeur-768x1086.jpg 768w, https:\/\/antoinedete.art\/wp-content\/uploads\/2023\/02\/AFFICHE-1_GrandPeur-1086x1536.jpg 1086w, https:\/\/antoinedete.art\/wp-content\/uploads\/2023\/02\/AFFICHE-1_GrandPeur-300x424.jpg 300w, https:\/\/antoinedete.art\/wp-content\/uploads\/2023\/02\/AFFICHE-1_GrandPeur-850x1202.jpg 850w, https:\/\/antoinedete.art\/wp-content\/uploads\/2023\/02\/AFFICHE-1_GrandPeur.jpg 1169w\" sizes=\"auto, (max-width: 724px) 100vw, 724px\" \/><\/figure><div class=\"wp-block-media-text__content\">\n<p style=\"font-size:14px\"><strong>&#8220;GRAND PEUR ET MISERE DU III\u00e8me REICH&#8221;<\/strong><br><strong>Texte<\/strong> Bertolt Brecht<br><strong>Mise en sc\u00e8ne<\/strong> Christophe Daci<\/p>\n\n\n\n<p style=\"font-size:14px\"><strong>Th\u00e9\u00e2tre du Gouvernail<\/strong> &#8211; Paris &#8211; Automne 2021<\/p>\n\n\n\n<p class=\"has-small-font-size\">&#8220;<em>Grand peur et mis\u00e8re du III\u00e8me Reich est sans aucun doute l&#8217;une des oeuvres de Bertolt Brecht qui, aujourd&#8217;hui encore, se r\u00e9v\u00e8le d&#8217;une profonde actualit\u00e9. Ce n&#8217;est pas l&#8217;atrocit\u00e9 des camps ni m\u00eame la catastrophe de la guerre qui y est d\u00e9crite, mais bien le lent processus qui mena au pire<\/em>.&#8221;<\/p>\n\n\n\n<p style=\"font-size:14px\"><strong>Teaser de la pi\u00e8ce<\/strong> <strong><a rel=\"noreferrer noopener\" href=\"https:\/\/youtu.be\/f_S64LRjL1A\" target=\"_blank\">ICI<\/a><\/strong>   <br><\/p>\n<\/div><\/div>\n\n\n\n<hr class=\"wp-block-separator has-alpha-channel-opacity\"\/>\n\n\n\n<div class=\"wp-block-media-text alignwide is-stacked-on-mobile is-vertically-aligned-center\" style=\"grid-template-columns:21% auto\"><figure class=\"wp-block-media-text__media\"><img loading=\"lazy\" decoding=\"async\" width=\"1024\" height=\"1024\" src=\"http:\/\/antoinedete.art\/wp-content\/uploads\/2024\/10\/Reveillon_Def8-1024x1024.jpg\" alt=\"\" class=\"wp-image-320 size-full\" srcset=\"https:\/\/antoinedete.art\/wp-content\/uploads\/2024\/10\/Reveillon_Def8-1024x1024.jpg 1024w, https:\/\/antoinedete.art\/wp-content\/uploads\/2024\/10\/Reveillon_Def8-300x300.jpg 300w, https:\/\/antoinedete.art\/wp-content\/uploads\/2024\/10\/Reveillon_Def8-150x150.jpg 150w, https:\/\/antoinedete.art\/wp-content\/uploads\/2024\/10\/Reveillon_Def8-768x768.jpg 768w, https:\/\/antoinedete.art\/wp-content\/uploads\/2024\/10\/Reveillon_Def8-1536x1536.jpg 1536w, https:\/\/antoinedete.art\/wp-content\/uploads\/2024\/10\/Reveillon_Def8-2048x2048.jpg 2048w, https:\/\/antoinedete.art\/wp-content\/uploads\/2024\/10\/Reveillon_Def8-850x850.jpg 850w\" sizes=\"auto, (max-width: 1024px) 100vw, 1024px\" \/><\/figure><div class=\"wp-block-media-text__content\">\n<p style=\"font-size:14px\"><strong>&#8220;JE N&#8217;AI RIEN CONTRE LE REVEILLON&#8221;<\/strong><br><strong>Mise en sc\u00e8ne<\/strong> Alain Klingler &amp; Sophie Rockwell<br><strong>Avec<\/strong> Chlo\u00e9 Mons \/ J\u00e9r\u00e9my Buchlon \/ H\u00e9l\u00e8ne Gratet \/ J\u00e9r\u00e9my Marchand<br><strong>Coproduction <\/strong>Le tricycle<\/p>\n\n\n\n<p style=\"font-size:14px\">2017<\/p>\n\n\n\n<p style=\"font-size:14px\"><\/p>\n\n\n\n<p style=\"font-size:14px\"><em>C\u2019est une pi\u00e8ce sur des gens qui se font des sc\u00e8nes et qui les rejouent\u2026<\/em> <em>Je n\u2019ai rien contre le r\u00e9veillon sera amer et parfum\u00e9, glamour, nourri &nbsp;de preuves,&nbsp;de chansons, de nos histoires d\u2019amiti\u00e9s d\u00e9mesur\u00e9es, secr\u00e8tes, dingues,&nbsp;passionnelles, ind\u00e9l\u00e9biles.&nbsp;<\/em><\/p>\n<\/div><\/div>\n\n\n\n<hr class=\"wp-block-separator has-alpha-channel-opacity\"\/>\n\n\n\n<div class=\"wp-block-media-text alignwide is-stacked-on-mobile is-vertically-aligned-top\" style=\"grid-template-columns:21% auto\"><figure class=\"wp-block-media-text__media\"><img loading=\"lazy\" decoding=\"async\" width=\"183\" height=\"275\" src=\"http:\/\/antoinedete.art\/wp-content\/uploads\/2024\/10\/AnnabelleM_large.jpg\" alt=\"\" class=\"wp-image-322 size-full\"\/><\/figure><div class=\"wp-block-media-text__content\">\n<p style=\"font-size:14px\"><strong>&#8220;ANNABELLE M&#8221;<\/strong><br><strong>Texte<\/strong> Sandie Masson &amp; Fred Nony<br><strong>Mise en sc\u00e8ne<\/strong> Agn\u00e8s Boury<br><strong>Avec<\/strong> Sandie Masson<\/p>\n\n\n\n<p style=\"font-size:14px\">2017<\/p>\n\n\n\n<p style=\"font-size:14px\"><em>&#8220;A travers une interpr\u00e9tation tout en pudeur, Sandie Masson r\u00e9ussit \u00e0 nous faire ressentir les plus secr\u00e8tes souffrances de son personnage. Sa solitude, son manque d&#8217;amour. Mais aussi le go\u00fbt de vivre retrouv\u00e9. Une interpr\u00e9tation non d\u00e9nu\u00e9e d&#8217;humour et d&#8217;\u00e9nergie car le texte \u2014 co\u00e9crit avec Fred Nony \u2014 constitue une vibrante d\u00e9claration d&#8217;amour \u00e0 la vie.&#8221; T\u00e9l\u00e9rama<\/em><\/p>\n<\/div><\/div>\n\n\n\n<hr class=\"wp-block-separator has-alpha-channel-opacity\"\/>\n\n\n\n<div class=\"wp-block-media-text alignwide is-stacked-on-mobile is-vertically-aligned-top\" style=\"grid-template-columns:21% auto\"><figure class=\"wp-block-media-text__media\"><img loading=\"lazy\" decoding=\"async\" width=\"504\" height=\"373\" src=\"http:\/\/antoinedete.art\/wp-content\/uploads\/2024\/10\/ProjetReplay.png\" alt=\"\" class=\"wp-image-323 size-full\" srcset=\"https:\/\/antoinedete.art\/wp-content\/uploads\/2024\/10\/ProjetReplay.png 504w, https:\/\/antoinedete.art\/wp-content\/uploads\/2024\/10\/ProjetReplay-300x222.png 300w\" sizes=\"auto, (max-width: 504px) 100vw, 504px\" \/><\/figure><div class=\"wp-block-media-text__content\">\n<p style=\"font-size:14px\"><strong>&#8220;REPLAY&#8221;<\/strong><br><strong>Texte<\/strong> Christophe Roussel<br><strong>Mise en sc\u00e8ne<\/strong> Christophe Roussel<\/p>\n\n\n\n<p style=\"font-size:14px\">2015<\/p>\n\n\n\n<p style=\"font-size:14px\"><\/p>\n\n\n\n<p><\/p>\n<\/div><\/div>\n","protected":false},"excerpt":{"rendered":"<p>&#8220;Tous mes r\u00eaves partent de Gare d&#8217;Austerlitz&#8221;Texte Mohamed KacimiMise en sc\u00e8ne Christophe Daci Repr\u00e9sentations \u00e0 venir &#8211; Th\u00e9\u00e2tre de Vanves &#8211; Paris &#8211; Juin 2023 &#8220;Dans une maison d\u2019arr\u00eat, des femmes sacrifient souvent leur promenade quotidienne pour quelques heures \u00e0 la biblioth\u00e8que. Autour de la biblioth\u00e9caire, Barbara, se retrouvent, tous les jours, Rosa, Marylou, Z\u00e9lie&#8230;<\/p>\n","protected":false},"author":1,"featured_media":0,"parent":0,"menu_order":0,"comment_status":"closed","ping_status":"closed","template":"","meta":{"footnotes":""},"class_list":["post-38","page","type-page","status-publish","hentry"],"_links":{"self":[{"href":"https:\/\/antoinedete.art\/index.php\/wp-json\/wp\/v2\/pages\/38","targetHints":{"allow":["GET"]}}],"collection":[{"href":"https:\/\/antoinedete.art\/index.php\/wp-json\/wp\/v2\/pages"}],"about":[{"href":"https:\/\/antoinedete.art\/index.php\/wp-json\/wp\/v2\/types\/page"}],"author":[{"embeddable":true,"href":"https:\/\/antoinedete.art\/index.php\/wp-json\/wp\/v2\/users\/1"}],"replies":[{"embeddable":true,"href":"https:\/\/antoinedete.art\/index.php\/wp-json\/wp\/v2\/comments?post=38"}],"version-history":[{"count":19,"href":"https:\/\/antoinedete.art\/index.php\/wp-json\/wp\/v2\/pages\/38\/revisions"}],"predecessor-version":[{"id":453,"href":"https:\/\/antoinedete.art\/index.php\/wp-json\/wp\/v2\/pages\/38\/revisions\/453"}],"wp:attachment":[{"href":"https:\/\/antoinedete.art\/index.php\/wp-json\/wp\/v2\/media?parent=38"}],"curies":[{"name":"wp","href":"https:\/\/api.w.org\/{rel}","templated":true}]}}